0
What is the ten thousands digit of 815385?
1
What is the tens digit of 3432815?
1
What is the ten thousands digit of 555675?
5
What is the ten thousands digit of 412655?
1
What is the millions digit of 3440598?
3
What is the hundred thousands digit of 5560911?
5
What is the hundreds digit of 114049?
0
What is the thousands digit of 1157226?
7
What is the hundred thousands digit of 257301?
2
What is the tens digit of 1004128?
2
What is the ten thousands digit of 36353?
3
What is the tens digit of 1342659?
5
What is the thousands digit of 452346?
2
What is the units digit of 4154547?
7
What is the thousands digit of 1785562?
5
What is the ten thousands digit of 58455?
5
What is the tens digit of 19302929?
2
What is the millions digit of 26379301?
6
What is the hundreds digit of 512?
5
What is the hundreds digit of 11648709?
7
What is the ten thousands digit of 829997?
2
What is the thousands digit of 895726?
5
What is the units digit of 642203?
3
What is the thousands digit of 861932?
1
What is the hundred thousands digit of 2973773?
9
What is the thousands digit of 1223652?
3
What is the millions digit of 15843674?
5
What is the hundred thousands digit of 14332225?
3
What is the thousands digit of 2038471?
8
What is the thousands digit of 912917?
2
What is the thousands digit of 13675?
3
What is the tens digit of 2397415?
1
What is the units digit of 14534380?
0
What is the thousands digit of 649441?
9
What is the hundreds digit of 2770235?
2
What is the thousands digit of 394746?
4
What is the millions digit of 10171556?
0
What is the hundred thousands digit of 15282881?
2
What is the hundreds digit of 200991?
9
What is the hundreds digit of 182936?
9
What is the hundred thousands digit of 6840719?
8
What is the tens digit of 2995085?
8
What is the hundred thousands digit of 8888877?
8
What is the units digit of 709587?
7
What is the tens digit of 38525541?
4
What is the ten thousands digit of 5021342?
2
What is the units digit of 213474?
4
What is the hundreds digit of 17160887?
8
What is the units digit of 378814?
4
What is the hundred thousands digit of 303050?
3
What is the ten thousands digit of 223962?
2
What is the hundred thousands digit of 349687?
3
What is the millions digit of 2595024?
2
What is the hundreds digit of 8846?
8
What is the ten thousands digit of 1175538?
7
What is the thousands digit of 14403269?
3
What is the ten thousands digit of 5027446?
2
What is the ten thousands digit of 490654?
9
What is the thousands digit of 1037518?
7
What is the thousands digit of 1455577?
5
What is the ten millions digit of 37619134?
3
What is the tens digit of 1628074?
7
What is the millions digit of 1506740?
1
What is the thousands digit of 416845?
6
What is the millions digit of 1017180?
1
What is the units digit of 880246?
6
What is the thousands digit of 2870661?
0
What is the hundreds digit of 169103?
1
What is the units digit of 12675750?
0
What is the hundreds digit of 3068558?
5
What is the hundred thousands digit of 1364729?
3
What is the units digit of 39548939?
9
What is the thousands digit of 56271?
6
What is the tens digit of 16875696?
9
What is the thousands digit of 31845004?
5
What is the thousands digit of 1112166?
2
What is the tens digit of 976150?
5
What is the ten thousands digit of 3618300?
1
What is the hundreds digit of 14733?
7
What is the hundred thousands digit of 271428?
2
What is the thousands digit of 780642?
0
What is the units digit of 2680720?
0
What is the millions digit of 12991937?
2
What is the hundreds digit of 16948442?
4
What is the millions digit of 8925555?
8
What is the ten thousands digit of 57523?
5
What is the millions digit of 2054136?
2
What is the tens digit of 391440?
4
What is the thousands digit of 5000276?
0
What is the hundreds digit of 319244?
2
What is the ten thousands digit of 1857876?
5
What is the hundred thousands digit of 317412?
3
What is the hundred thousands digit of 3676384?
6
What is the thousands digit of 295588?
5
What is the hundreds digit of 220657?
6
What is the thousands digit of 801519?
1
What is the hundreds digit of 974181?
1
What is the tens digit of 2203025?
2
What is the ten thousands digit of 1843283?
4
What is the ten millions digit of 13220257?
1
What is the hundred thousands digit of 244853?
2
What is the ten thousands digit of 139339?
3
What is the tens digit of 3972162?
6
What is the thousands digit of 1116907?
6
What is the ten thousands digit of 217798?
1
What is the hundreds digit of 716011?
0
What is the thousands digit of 1545437?
5
What is the tens digit of 100832?
3
What is the thousands digit of 704447?
4
What is the millions digit of 39472537?
9
What is the ten millions digit of 31543007?
3
What is the hundreds digit of 950360?
3
What is the thousands digit of 1248295?
8
What is the thousands digit of 10094?
0
What is the hundreds digit of 404103?
1
What is the ten thousands digit of 492513?
9
What is the tens digit of 945404?
0
What is the millions digit of 1140325?
1
What is the units digit of 2811906?
6
What is the units digit of 9797885?
5
What is the units digit of 827197?
7
What is the units digit of 36630422?
2
What is the thousands digit of 3933584?
3
What is the ten thousands digit of 147915?
4
What is the millions digit of 7861842?
7
What is the units digit of 38916?
6
What is the units digit of 1662670?
0
What is the thousands digit of 110111?
0
What is the units digit of 971722?
2
What is the hundreds digit of 133331?
3
What is the tens digit of 679879?
7
What is the tens digit of 217504?
0
What is the thousands digit of 5429465?
9
What is the hundreds digit of 181880?
8
What is the thousands digit of 3189909?
9
What is the hundreds digit of 3666452?
4
What is the hundreds digit of 24624965?
9
What is the hundreds digit of 855370?
3
What is the ten thousands digit of 143218?
4
What is the hundreds digit of 934272?
2
What is the ten thousands digit of 888379?
8
What is the hundred thousands digit of 1087526?
0
What is the units digit of 5531234?
4
What is the tens digit of 14439?
3
What is the thousands digit of 599757?
9
What is the units digit of 3813798?
8
What is the thousands digit of 1656530?
6
What is the units digit of 18512230?
0
What is the thousands digit of 715454?
5
What is the units digit of 2915?
5
What is the units digit of 7867993?
3
What is the hundreds digit of 1668561?
5
What is the hundred thousands digit of 21988546?
9
What is the tens digit of 17088?
8
What is the thousands digit of 343381?
3
What is the units digit of 7877963?
3
What is the tens digit of 366334?
3
What is the tens digit of 1695284?
8
What is the units digit of 94332?
2
What is the hundred thousands digit of 2362098?
3
What is the hundred thousands digit of 103646?
1
What is the tens digit of 812956?
5
What is the thousands digit of 18540102?
0
What is the ten thousands digit of 2534901?
3
What is the hundreds digit of 440406?
4
What is the ten thousands digit of 22098277?
9
What is the units digit of 591619?
9
What is the units digit of 91295?
5
What is the ten thousands digit of 328426?
2
What is the hundreds digit of 375734?
7
What is the ten thousands digit of 3680241?
8
What is the tens digit of 894027?
2
What is the thousands digit of 166910?
6
What is the hundreds digit of 489355?
3
What is the hundred thousands digit of 2223195?
2
What is the thousands digit of 307658?
7
What is the units digit of 27822031?
1
What is the tens digit of 40258?
5
What is the ten thousands digit of 66878?
6
What is the thousands digit of 543139?
3
What is the units digit of 523658?
8
What is the hundred thousands digit of 226916?
2
What is the millions digit of 11233148?
1
What is the tens digit of 187269?
6
What is the tens digit of 851786?
8
What is the hundred thousands digit of 2926387?
9
What is the hundreds digit of 2650349?
3
What is the units digit of 654305?
5
What is the units digit of 2147367?
7
What is the tens digit of 2320905?
0
What is the thousands digit of 3273546?
3
What is the millions digit of 1827098?
1
What is the thousands digit of 7995006?
5
What is the tens digit of 14279186?
8
What is the thousands digit of 291960?
1
What is the hundred thousands digit of 40451184?
4
What is the ten thousands digit of 41157?
4
What is the mill